igit of p(-4)?
4
Let o(n) be the first derivative of -n**4/4 - 2*n**3/3 + 5*n**2/2 + 2*n - 3. What is the tens digit of o(-4)?
1
Let t(v) = v**3 + 3*v**2 - 4*v + 3. Let f be t(-4). Suppose b - f*b = -2. What is the units digit of (-1 - 0)/(-1)*b?
1
Suppose -5*h + 3*a + 91 = 0, 3*h = -4*a + 62 + 10. Suppose -3*f - 2*f + h = 0. What is the tens digit of (-2)/f + 42/4?
1
Suppose 0 = -0*f + f - 15. Suppose -2*r = 2*i - 20, -2*i = -r + 2*i + f. What is the tens digit of r?
1
Let h = 747 + -429. What is the units digit of h?
8
Let i = 0 - -3. Let q(n) = 9*n + 0*n**2 + 0 - i + 4 - n**2. What is the units digit of q(9)?
1
Let s(m) = 2*m - 2. Let w be s(3). Let r = 0 + w. Suppose -3*o = -o - 5*q - r, -4*o + 4*q = -20. What is the units digit of o?
7
Let n(x) = -x**2 + 4*x + 3. Suppose -5 = 5*y, 8*y = -s + 4*y. Let p be n(s). Suppose f = p*f - 18. What is the units digit of f?
9
Let f(v) = v**3 + 5*v**2. Let w be f(-5). Let d be 1*(-1 - w)*-7. Suppose 2*l + o = d, -5*l = -o - 3*o - 11. What is the units digit of l?
3
Let c = -4 - 11. Let p be (18/c)/(2/(-60)). Suppose 0 = -4*x + 5*f + 59, 2*x = -0*f - 4*f + p. What is the units digit of x?
6
Suppose -39*w = -34*w - 335. What is the units digit of w?
7
Let w = 42 + 25. What is the tens digit of w?
6
Suppose 104 - 28 = 4*n. What is the tens digit of n?
1
Let m be 0 + 2 - (8 + -18). Suppose 4*g = 6*g - m. What is the units digit of g?
6
Suppose 4*i + i = -q + 125, 4*q + i - 538 = 0. What is the units digit of q?
5
Let h be (3 - 4) + (-1)/1. What is the units digit of 2/((-1)/(h*6))?
4
What is the units digit of 45/(-2)*40/(-15)?
0
Let h = 49 - 33. What is the tens digit of h?
1
What is the units digit of ((-18)/1)/(48/(-72))?
7
Let y(m) = -m**2 + 8*m - 7. Let x be y(6). Suppose 0 = 5*u - x. What is the units digit of 84/16 + u/(-4)?
5
Let u = -346 - -800. Let p be (-3)/4 + u/8. What is the units digit of 464/p + (-4)/14?
8
Suppose 2*w + 0*w + 3*j - 197 = 0, -5*j - 66 = -w. What is the units digit of w?
1
Let z(x) = -x - 1. Let o be z(-2). Let t = o - -17. What is the units digit of t?
8
Let z = -30 - -46. What is the tens digit of z?
1
Suppose 7*a - 150 = -3. What is the tens digit of a?
2
Suppose 3*m - 17 = 7. Suppose -m = -0*n + 4*n. What is the units digit of (0 - -2)/(-2)*n?
2
Let d be (-2)/9 - 266/(-63). Suppose k = 5*l - 115, 3*l - d*k - 55 + 3 = 0. What is the units digit of l?
4
Suppose 25 = 4*b - 3*a - 18, -b - 5*a - 18 = 0. Let r = b + -3. What is the units digit of r?
4
Let c(j) = j**2 - 2*j + 5. What is the units digit of c(6)?
9
Let q be ((-3)/(-5))/((-3)/(-15)). Suppose -5*t + 2*t = -q. Let c = 5 - t. What is the units digit of c?
4
Suppose 0 = 10*w - 5*w - 395. What is the tens digit of w?
7
Suppose 0 = -4*q + q + 474. Suppose 2*r + q = 4*z, -3*r = 7*z - 2*z - 203. Suppose -2*j + 0*n = n - 27, -3*j = n - z. What is the tens digit of j?
1
Suppose -5*b - 11 + 101 = 0. Let o = 17 + b. What is the tens digit of o?
3
Suppose -3*d + 250 = 5*a, 0*d - 5*d + 370 = -a. What is the tens digit of d?
7
Let k(p) = -p**3 + 12*p**2 - 12*p + 15. Let q be k(11). Suppose -2*j - 2*j + 108 = 0. Suppose 8 = -0*l - q*l, -j = -3*a - 3*l. What is the tens digit of a?
1
Suppose -29 = -5*c - 2*a, 5*a = c + c - 29. Suppose -2*p + c = -11. What is the units digit of p?
9
Let a(h) = -h**2 + 10*h - 6. Let p be a(6). Let o = 25 - p. What is the units digit of o?
7
Suppose d - 1 = 3. Suppose 4*c = d*x - 164, -x - 2*c - 39 = -2*x. What is the units digit of x?
3
Let m = -89 + 445. What is the tens digit of m?
5
Let d(n) = n**2 + n + 4. What is the units digit of d(-2)?
6
Let y(d) = 11*d - 7. What is the tens digit of y(5)?
4
Suppose 5*z - 1 = -4*v + 3, -4*v + 4 = -4*z. Suppose 9 = 2*t - t + 3*f, -51 = -3*t + 3*f. What is the units digit of (3/9)/(v/t)?
5
Suppose 5*p + 5 = 5*d - 0*d, 0 = 2*p + 3*d + 27. What is the tens digit of 430/30 + 2/p?
1
Suppose 0 = -b + 5*t + 24, -2*b + b - 4 = 2*t. Let x be (-158)/18 + b/(-18). Let c = x + 15. What is the units digit of c?
6
Let h(s) = -3*s - 2*s + 2*s**2 - 3*s**2 + 1. Let c be h(-5). Suppose -v - 2*d = -9, 5*v + c - 7 = 3*d. What is the units digit of v?
3
Let m(u) = u - 3. Let y be m(-3). What is the units digit of (-52)/y + 10/(-15)?
8
Let d = 0 + 42. What is the units digit of d?
2
Suppose -n = 2*n - 6. Suppose -3*c + 3*r = -n*c - 1, -4 = -4*c + 4*r. Suppose 0 = s + c - 4. What is the units digit of s?
3
Let b = 129 + -79. Suppose -j + b = j. Let a = -16 + j. What is the units digit of a?
9
Suppose -323 + 43 = -4*o. What is the units digit of o?
0
Let b(i) be the second derivative of -i**5/20 - i**4/4 + i**3/2 - i**2/2 - 3*i. Let l be b(2). What is the tens digit of 2/(-10) + (-183)/l?
1
Suppose -2*w = -0*w - 4*n - 108, 0 = -2*w + 3*n + 105. Let t = w + -17. Suppose 4*l - 3*i - t = -0*i, -4*l - 3*i + 49 = 0. What is the tens digit of l?
1
Suppose -2*x + c + 4 = 0, -4*x - 3*c + 8 = -7*c. Suppose x = 3*o - 1. What is the units digit of 11 - (1 - (0 - o))?
9
Suppose -8*c + 261 = -5*c. What is the tens digit of c?
8
Let o(d) = -d**2 - 10*d - 6. What is the tens digit of o(-8)?
1
Suppose 172 = 4*j - 0*j. Suppose -12 = 4*l, -3*l - j = -4*s - 6. What is the units digit of s?
7
Let h(i) = 5*i**2 + 41*i + 14. Let t(u) = u**2 + 8*u + 3. Let p(l) = -2*h(l) + 11*t(l). What is the units digit of p(-6)?
5
Let u(b) be the third derivative of -b**6/120 - b**5/20 - b**4/8 - 2*b**3/3 + 3*b**2. What is the units digit of u(-4)?
4
Suppose 54 = 5*h - 4*l, -3*h = 4*l - 5*l - 38. What is the tens digit of h?
1
Let n = -23 - -65. What is the units digit of n?
2
Let g(i) = -5*i**2 - i + 3. Let l(m) = -2*m**2 + 2. Let v(u) = 3*g(u) - 7*l(u). Let f be v(-4). Let z = 15 + f. What is the units digit of z?
6
Suppose 0 = 2*q + 5*k - 181, 12 = 3*k - 3. What is the tens digit of q?
7
Suppose u = 2*u - 48. Let t = u - 31. Let a = -11 + t. What is the units digit of a?
6
Suppose -55 = -2*m - v, 5*m - 176 + 37 = -v. What is the units digit of m?
8
Let n(f) = -f**2 - 5*f - 1. Let w(c) = 1. Let v(i) = -n(i) + 2*w(i). What is the tens digit of v(-7)?
1
Let u = 16 - -6. What is the units digit of u?
2
Let v(h) = h**3 + 4*h**2 - 2*h - 4. Let w be v(-4). Let n = w + -6. Let x = n + 4. What is the units digit of x?
2
What is the tens digit of (-1236)/(-44) + 4/(-44)?
2
Let y(s) = -s**3 + s**2 + 2*s + 1. Let b be y(2). Let a = b + 4. Suppose -a*i + 3*i + 28 = 0. What is the units digit of i?
4
Let d(o) be the first derivative of -o**4/4 + 2*o**3 + 7*o**2/2 - 2. Let y be d(7). Suppose -4*j + 4 = -y. What is the units digit of j?
1
Let j be (6/4)/((-1)/(-2)). Suppose -j*p + 0*p = 3. What is the units digit of (-2 + -1 + 2)*p?
1
Let b(q) = 7*q**2 + 2*q + 1. Let f be b(-1). Suppose -f*p - 8 = -2*p. Let n = 15 + p. What is the units digit of n?
3
Suppose -9*c = -5*c. Suppose y - 3 + 0 = c. Suppose y*w = 5*r + 76, 2*r = 2*w - 2*r - 54. What is the tens digit of w?
1
Let j(w) = -w**3 - 4*w**2 - w + 5. Let z be j(-4). What is the tens digit of 120/z*12/10?
1
Suppose 396 = 4*m - 0*m. Suppose -m = -0*j - j. What is the units digit of j/15 + (-2)/(-5)?
7
Let d be ((-1)/(-1))/(1 + 0). Suppose 15 = 4*b - d. What is the units digit of b?
4
Let q = 12 - 6. Let i be -2*9/q - 2. Let g = i - -12. What is the units digit of g?
7
Let t(i) = -3*i + 4. Let y(d) = d. Let q(a) = -t(a) - 2*y(a). Let m be q(3). Let l = 2 + m. What is the units digit of l?
1
Let d(m) = 3*m + 3. Let h be d(-2). Let o(f) be the third derivative of f**4/24 + 2*f**3/3 - 2*f**2. What is the units digit of o(h)?
1
Let c(o) = 10*o**2 - 6*o + 1. What is the tens digit of c(4)?
3
Suppose 0 = 4*t - 2*d - 24 + 8, -5*t + 21 = -3*d. Suppose -3*f + 2*h = -19, -t*f - 10 + 45 = 2*h. What is the units digit of f?
9
Let c be (-2)/(-10) - (-48)/(-15). What is the tens digit of (-21)/(1/2*c)?
1
Let l(k) = -4*k + 48. Let o(p) = p - 12. Let t(x) = -2*l(x) - 9*o(x). Suppose 2*h = c + 10, 0 = h - c + 6*c - 27. What is the units digit of t(h)?
5
Let y(a) = a**3 + 16*a**2 + 15*a + 6. What is the units digit of y(-15)?
6
Suppose -4*m - 22 = -5*u, u - 3*u = -m - 7. Let c be (-4)/12 - (-2)/6. Suppose -9 = 3*v, u*d = 5*v - c*v + 29. What is the units digit of d?
7
Let a = 3 + -3. Suppose -s - s + 6 = a. Suppose 0 = 2*p + s*p - 15. What is the units digit of p?
3
Let n(m) be the second deriv